{"id":412,"date":"2019-07-06T08:08:56","date_gmt":"2019-07-06T08:08:56","guid":{"rendered":"https:\/\/wollbude.de\/?page_id=412"},"modified":"2020-12-29T09:28:09","modified_gmt":"2020-12-29T09:28:09","slug":"datenschutz","status":"publish","type":"page","link":"https:\/\/wollbude.de\/?page_id=412","title":{"rendered":"Datenschutz"},"content":{"rendered":"\t\t<div data-elementor-type=\"wp-post\" data-elementor-id=\"412\" class=\"elementor elementor-412\">\n\t\t\t\t\t\t<section class=\"elementor-section elementor-top-section elementor-element elementor-element-33b8d6e elementor-section-boxed elementor-section-height-default elementor-section-height-default\" data-id=\"33b8d6e\" data-element_type=\"section\">\n\t\t\t\t\t\t<div class=\"elementor-container elementor-column-gap-default\">\n\t\t\t\t\t<div class=\"elementor-column elementor-col-100 elementor-top-column elementor-element elementor-element-95ed10b\" data-id=\"95ed10b\" data-element_type=\"column\">\n\t\t\t<div class=\"elementor-widget-wrap elementor-element-populated\">\n\t\t\t\t\t\t<div class=\"elementor-element elementor-element-2f11e0a elementor-widget elementor-widget-text-editor\" data-id=\"2f11e0a\" data-element_type=\"widget\" data-widget_type=\"text-editor.default\">\n\t\t\t\t<div class=\"elementor-widget-container\">\n\t\t\t\t\t\t\t\t\t<h1><span style=\"text-decoration: underline;\"><strong>Datenschutz<\/strong><\/span><\/h1><p>Herzlich Willkommen bei <strong>&#8218;die Wollbude&#8216;<\/strong>. Wir freuen uns, dass Sie unsere Webseiten besuchen und bedanken uns f\u00fcr Ihr Interesse an unserem Unternehmen und unseren Produkten. Der Schutz Ihrer Privatsph\u00e4re und pers\u00f6nlichen Daten bei der Nutzung unserer Webseiten ist uns wichtig. Daher halten wir uns strikt an die Regeln der Datenschutzgesetze. Personenbezogene Daten erheben wir nur im technisch notwendigen Umfang.<br \/>Die nachfolgenden Erkl\u00e4rungen geben Ihnen Aufschluss dar\u00fcber, wie wir diesen Schutz gew\u00e4hrleisten und welche Daten zu welchem Zweck erhoben werden.<\/p><p><strong>1.) Keine Weitergabe personenbezogener Daten <br \/><\/strong>Wir geben Ihre personenbezogenen Daten einschlie\u00dflich Ihrer Hausanschrift und eMail-Adresse nicht an Dritte weiter. Ausgenommen hiervon sind lediglich unsere Dienstleistungspartner, die wir zur Abwicklung Ihrer Bestellung ben\u00f6tigen. Dazu geh\u00f6ren [Logistikpartner], [Distributor], [Hausbank] oder die Schufa. In diesen F\u00e4llen leiten wir die Daten gem\u00e4\u00df den Vorgaben des Bundesdatenschutzgesetzes weiter. Der Umfang der \u00fcbermittelten Daten beschr\u00e4nkt sich auf ein Mindestma\u00df.<\/p><p><strong>2.) Auskunft, Berichtigung, Sperrung und L\u00f6schung von Daten <br \/><\/strong>Im Rahmen des Bundesdatenschutzgesetzes haben Sie jederzeit ein Recht auf Auskunft, Berichtigung, Sperrung oder L\u00f6schung Ihrer gespeicherten Daten. Sofern der L\u00f6schung gesetzliche, vertragliche, handels- bzw. steuerrechtliche Aufbewahrungsfristen oder Gr\u00fcnde entgegenstehen, erfolgt anstelle einer L\u00f6schung eine Sperrung Ihrer Daten. Kontaktieren Sie uns auf Wunsch per eMail mailto: info@wollbude.de, Telefon +49 (0) 2222 \/ 977 134 oder Telefax +49 (0) 2222\/ 977 135.<\/p><p><strong>3.) Externe Links und fremde Inhalte <br \/><\/strong>Die Inhalte dieser Domain wurden mit gr\u00f6\u00dfter Sorgfalt erstellt. Dennoch \u00fcbernehmen wir keine Garantie f\u00fcr Aktualit\u00e4t und Vollst\u00e4ndigkeit. Verantwortlich sind wir nur f\u00fcr eigene Inhalte, nicht aber f\u00fcr fremde Inhalte. F\u00fcr weiterf\u00fchrende Informationen finden Sie bei uns zahlreiche Links, die auf Webseiten Dritter verweisen. Alle externen Links haben wir auf rechtswidrige Inhalte \u00fcberpr\u00fcft und zum jeweiligen Zeitpunkt waren solche nicht erkennbar. Bez\u00fcglich fremder Inhalte besteht keine allgemeine \u00dcberwachungs- und Pr\u00fcfungspflicht. Bei Kenntnis rechtswidriger Inhalte \u00fcberpr\u00fcfen wir diese sofort und werden sie gegebenenfalls unverz\u00fcglich entfernen. Externe Links \u00f6ffnen sich immer in einem neuen Browser-Fenster und sind deutlich erkennbar anhand folgender Merkmale: (externer Link), http:\/\/ oder https:\/\/.<\/p><p><strong>4.) Anonyme Datenverarbeitung <br \/><\/strong>Wir erheben und speichern in den Logfiles unseres Webservers nur die Informationen, die Ihr Browser an uns \u00fcbermittelt. Dies sind: Betriebssystem, Browser-Typ\/-Version, Name Ihres Internet Service Providers, Uhrzeit der Server-Anfrage, Webseite, von der aus Sie uns besuchen (Referrer-URL), und Webseiten, die Sie bei uns besuchen.<br \/>Diese Daten lassen sich keinen bestimmten Personen zuordnen, d.h., Sie bleiben als einzelner Nutzer hierbei anonym. Eine Zusammenf\u00fchrung dieser Daten mit anderen Datenquellen wird nicht vorgenommen. Nach erfolgter statistischer Auswertung werden s\u00e4mtliche Daten gel\u00f6scht.<\/p><p><strong>5.) Cookies<br \/><\/strong>Diese Website benutzt Google Analytics, einen Webanalysedienst der Google Inc. Die Webanalyse nutzt so genannte Cookies (= kleine Textdateien), die eventuell auf Ihrem Rechner gespeichert werden und eine Auswertung der Benutzung unserer Website durch Sie erm\u00f6glichen.<br \/>Unser Online-Shop verwendet f\u00fcr den Inhalt Ihres Warenkorbs so genannte Cookies. Diese dienen dazu, unser Angebot nutzerfreundlicher, effektiver und sicherer zu machen. Cookies sind kleine Textdateien, die Ihr Internet-Browser auf Ihrem Rechner ablegt und speichert. Die meisten der von uns verwendeten Cookies sind so genannte \u201eSession-Cookies\u201c, diese werden nach Ende Ihres Besuchs automatisch gel\u00f6scht. Cookies richten auf Ihrem Rechner keinen Schaden an und enthalten auch keine Viren.<\/p><p><strong>6.) Newsletter <br \/><\/strong>Bestellen Sie den von uns angebotenen Newsletter, ben\u00f6tigen wir von Ihnen nur eine g\u00fcltige eMail-Adresse. Nach der Anmeldung sendet Ihnen unser System eine eMail mit einem Aktivierungs-Link, womit Sie die Eintragung best\u00e4tigen. Damit gew\u00e4hrleisten wir, dass Sie tats\u00e4chlich der Inhaber der angegebenen eMail-Adresse sind und Sie mit dem Empfang des Newsletters einverstanden sind. Ihre Einwilligung zur Speicherung der eMail-Adresse sowie deren Nutzung zum Versand des Newsletters k\u00f6nnen Sie jederzeit widerrufen.<\/p><p><strong>7.) Weitere Informationen <br \/><\/strong>Ihr Vertrauen ist uns wichtig. Daher m\u00f6chten wir Ihnen jederzeit Rede und Antwort bez\u00fcglich der Verarbeitung Ihrer personenbezogenen Daten stehen. Wenn Sie Fragen haben, die Ihnen diese Datenschutzerkl\u00e4rung nicht beantworten konnte oder wenn Sie zu einem Punkt weitergehende Informationen w\u00fcnschen, wenden Sie sich bitte vertrauensvoll an uns <strong>mailto: info@wollbude.de<\/strong>.<br \/>Die Grunds\u00e4tze zum Datenschutz sind rechtlich in unseren AGB verankert.<\/p><p>\u00a0<\/p>\t\t\t\t\t\t\t\t<\/div>\n\t\t\t\t<\/div>\n\t\t\t\t\t<\/div>\n\t\t<\/div>\n\t\t\t\t\t<\/div>\n\t\t<\/section>\n\t\t\t\t<\/div>\n\t\t","protected":false},"excerpt":{"rendered":"<p>Datenschutz Herzlich Willkommen bei &#8218;die Wollbude&#8216;. Wir freuen uns, dass Sie unsere Webseiten besuchen und bedanken uns f\u00fcr Ihr Interesse an unserem Unternehmen und unseren Produkten. Der Schutz Ihrer Privatsph\u00e4re und pers\u00f6nlichen Daten bei der Nutzung unserer Webseiten ist uns wichtig. Daher halten wir uns strikt an die Regeln der Datenschutzgesetze. Personenbezogene Daten erheben wir [&hellip;]<\/p>\n","protected":false},"author":1,"featured_media":0,"parent":0,"menu_order":0,"comment_status":"closed","ping_status":"closed","template":"","meta":{"footnotes":""},"class_list":["post-412","page","type-page","status-publish","hentry","entry"],"_links":{"self":[{"href":"https:\/\/wollbude.de\/index.php?rest_route=\/wp\/v2\/pages\/412","targetHints":{"allow":["GET"]}}],"collection":[{"href":"https:\/\/wollbude.de\/index.php?rest_route=\/wp\/v2\/pages"}],"about":[{"href":"https:\/\/wollbude.de\/index.php?rest_route=\/wp\/v2\/types\/page"}],"author":[{"embeddable":true,"href":"https:\/\/wollbude.de\/index.php?rest_route=\/wp\/v2\/users\/1"}],"replies":[{"embeddable":true,"href":"https:\/\/wollbude.de\/index.php?rest_route=%2Fwp%2Fv2%2Fcomments&post=412"}],"version-history":[{"count":4,"href":"https:\/\/wollbude.de\/index.php?rest_route=\/wp\/v2\/pages\/412\/revisions"}],"predecessor-version":[{"id":428,"href":"https:\/\/wollbude.de\/index.php?rest_route=\/wp\/v2\/pages\/412\/revisions\/428"}],"wp:attachment":[{"href":"https:\/\/wollbude.de\/index.php?rest_route=%2Fwp%2Fv2%2Fmedia&parent=412"}],"curies":[{"name":"wp","href":"https:\/\/api.w.org\/{rel}","templated":true}]}}