{"id":394,"date":"2019-07-06T07:34:15","date_gmt":"2019-07-06T07:34:15","guid":{"rendered":"https:\/\/wollbude.de\/?page_id=394"},"modified":"2019-07-08T08:01:51","modified_gmt":"2019-07-08T08:01:51","slug":"ueber-uns","status":"publish","type":"page","link":"https:\/\/wollbude.de\/?page_id=394","title":{"rendered":"AGB,s"},"content":{"rendered":"\t\t<div data-elementor-type=\"wp-post\" data-elementor-id=\"394\" class=\"elementor elementor-394\">\n\t\t\t\t\t\t<section class=\"elementor-section elementor-top-section elementor-element elementor-element-0ab8455 elementor-section-boxed elementor-section-height-default elementor-section-height-default\" data-id=\"0ab8455\" data-element_type=\"section\">\n\t\t\t\t\t\t<div class=\"elementor-container elementor-column-gap-default\">\n\t\t\t\t\t<div class=\"elementor-column elementor-col-100 elementor-top-column elementor-element elementor-element-b47561b\" data-id=\"b47561b\" data-element_type=\"column\">\n\t\t\t<div class=\"elementor-widget-wrap elementor-element-populated\">\n\t\t\t\t\t\t<div class=\"elementor-element elementor-element-92d79d9 elementor-widget elementor-widget-text-editor\" data-id=\"92d79d9\" data-element_type=\"widget\" data-widget_type=\"text-editor.default\">\n\t\t\t\t<div class=\"elementor-widget-container\">\n\t\t\t\t\t\t\t\t\t<p>Hier finden Sie alles Wissendwerte \u00fcber uns !<\/p>\t\t\t\t\t\t\t\t<\/div>\n\t\t\t\t<\/div>\n\t\t\t\t\t<\/div>\n\t\t<\/div>\n\t\t\t\t\t<\/div>\n\t\t<\/section>\n\t\t\t\t<section class=\"elementor-section elementor-top-section elementor-element elementor-element-8301ef8 elementor-section-boxed elementor-section-height-default elementor-section-height-default\" data-id=\"8301ef8\" data-element_type=\"section\">\n\t\t\t\t\t\t<div class=\"elementor-container elementor-column-gap-default\">\n\t\t\t\t\t<div class=\"elementor-column elementor-col-100 elementor-top-column elementor-element elementor-element-db1f2fc\" data-id=\"db1f2fc\" data-element_type=\"column\">\n\t\t\t<div class=\"elementor-widget-wrap elementor-element-populated\">\n\t\t\t\t\t\t<div class=\"elementor-element elementor-element-84a6eaa elementor-widget elementor-widget-text-editor\" data-id=\"84a6eaa\" data-element_type=\"widget\" data-widget_type=\"text-editor.default\">\n\t\t\t\t<div class=\"elementor-widget-container\">\n\t\t\t\t\t\t\t\t\t<p>AGB<\/p><ul><li><strong> 1 Geltung der Allgemeinen Gesch\u00e4ftsbedingungen<\/strong><\/li><\/ul><p>Der Vertrag wird ausschlie\u00dflich zu den nachstehenden Bedingungen geschlossen. Abweichende AGB des Kunden werden auch dann nicht Vertragsbestandteil, wenn wir diesen nicht ausdr\u00fccklich widersprechen.<\/p><ul><li><strong> 2 Angebot und Vertragsschluss<\/strong><\/li><\/ul><p>Der Kunde stellt ein Angebot an uns zum Abschluss eines Kaufvertrages dar. Wenn der Kunde eine Bestellung bei uns aufgibt, schicken wir dem Kunden eine E-Mail, die den Eingang der Bestellung bei uns best\u00e4tigt und deren Einzelheiten auff\u00fchrt (Bestellbest\u00e4tigung). Diese Bestellbest\u00e4tigung stellt keine Annahme Ihres Angebotes dar, sondern soll Sie nur dar\u00fcber informieren, dass Ihre Bestellung bei uns eingegangen ist. Ein Kaufvertrag kommt erst dann zustande, wenn wir das bestellte Produkt an den Kunden versenden und den Versand an den Kunden mit einer zweiten E-Mail (Versandbest\u00e4tigung) best\u00e4tigen. \u00dcber Produkte aus ein und derselben Bestellung, die nicht in der Versandbest\u00e4tigung aufgef\u00fchrt sind, kommt kein Kaufvertrag zustande.<\/p><ul><li><strong> 3 Zahlungsbedingungen<\/strong><\/li><\/ul><p>Wir wickeln unsere Verk\u00e4ufe sicher und einfach \u00fcber PayPal ab. Der Kunde kann direkt in der Kaufabwicklung bezahlen.<\/p><p>M\u00f6chte der Kunde den Rechnungsbetrag per \u00dcberweisung begleichen, w\u00e4hlt er dies in der Kaufabwicklung. Dabei erh\u00e4lt der Kunde alle relevanten Informationen (Bankverbindung und Verwendungszweck).<\/p><ol start=\"2\"><li>Der Versand der Ware erfolgt, sobald der Kunde den vollst\u00e4ndigen Rechnungsbetrag an uns bezahlt hat.<\/li><li>Bestellt ein K\u00e4ufer <strong>mehrere Artikel,<\/strong> reduziert dies den Versandkostenanteil wie beim jeweiligen Artikel beschrieben, so dass dem Kunden keine unn\u00f6tigen Versandkosten entstehen. Erw\u00e4gt ein K\u00e4ufer mehrere Artikel zu erwerben, die er nicht in einer Bestellung zusammenfassen kann, so sollte er uns schnellstm\u00f6glich dar\u00fcber in Kenntnis setzen, so dass der Versand aller Artikel geb\u00fcndelt werden kann.<\/li><li>Eine Aufrechnung oder Zur\u00fcckbehaltung des Kunden ist ausgeschlossen, es sei denn, die Aufrechnung- oder Zur\u00fcckbehaltungsforderung ist unbestritten oder rechtskr\u00e4ftig festgestellt.<\/li><\/ol><ul><li>\u00a0<\/li><\/ul>\t\t\t\t\t\t\t\t<\/div>\n\t\t\t\t<\/div>\n\t\t\t\t\t<\/div>\n\t\t<\/div>\n\t\t\t\t\t<\/div>\n\t\t<\/section>\n\t\t\t\t<section class=\"elementor-section elementor-top-section elementor-element elementor-element-4b396b5 elementor-section-boxed elementor-section-height-default elementor-section-height-default\" data-id=\"4b396b5\" data-element_type=\"section\">\n\t\t\t\t\t\t<div class=\"elementor-container elementor-column-gap-default\">\n\t\t\t\t\t<div class=\"elementor-column elementor-col-100 elementor-top-column elementor-element elementor-element-9768396\" data-id=\"9768396\" data-element_type=\"column\">\n\t\t\t<div class=\"elementor-widget-wrap elementor-element-populated\">\n\t\t\t\t\t\t<div class=\"elementor-element elementor-element-0bb1ba1 elementor-widget elementor-widget-text-editor\" data-id=\"0bb1ba1\" data-element_type=\"widget\" data-widget_type=\"text-editor.default\">\n\t\t\t\t<div class=\"elementor-widget-container\">\n\t\t\t\t\t\t\t\t\t<p><strong>4 Eigentumsvorbehalt<\/strong><\/p><p>Die Waren blieben in unserem Eigentum bis zur Erf\u00fcllung s\u00e4mtlicher unserer gegen den Kunden zustehenden Anspr\u00fcche, auch wenn die einzelne Ware bezahlt worden ist.<\/p><ul><li><strong> 5 Liefer- und Leistungszeit<\/strong><\/li><\/ul><ol><li>Der Kunde kann uns zwei Wochen nach \u00dcberschreitung eines unverbindlichen Liefertermins oder einer unverbindlichen Lieferfrist schriftlich auffordern, binnen angemessener Frist zu liefern.<\/li><li>Ereignisse h\u00f6herer Gewalt sowie sonstige Umst\u00e4nde, die wir nicht zu vertreten haben und die eine termingem\u00e4\u00dfe Ausf\u00fchrung \u00fcbernommener Auftr\u00e4ge unm\u00f6glich machen, befreien uns f\u00fcr die Dauer ihres Vorliegens von der \u00fcbernommenen Lieferverpflichtung. In dieser Zeit ist der Kunde nicht berechtigt, uns Nachfristen mit dem Ziel zu setzen, nach deren fruchtlosem Ablauf Schadensersatz zu verlangen oder vom Vertrag zur\u00fcckzutreten. Sofern wir das Leistungshindernis zu vertreten haben, bleibt unsere Lieferverpflichtung und das Recht des Kunden zur Nachfristsetzung unber\u00fchrt; die Nachfrist muss jedoch so bemessen sein, dass innerhalb ihrer das Leistungshindernis voraussichtlich behoben werden kann. \u00dcber den Zeitraum, der zur Behebung des Leistungshindernisses voraussichtlich erforderlich sein wird, werden wir den Kunden unverz\u00fcglich nach Eintritt des Leistungshindernisses unterrichten.<\/li><li>Falls wir eine f\u00e4llige Lieferung trotz Verstreichens einer vom Kunden gesetzten angemessenen Nachfrist nicht erbringen, k\u00f6nnen wir auch nach Ablauf der Nachfrist die Lieferung bewirken, sofern wir dies in angemessener Zeit vorher ank\u00fcndigen. Hat der Kunde bis zum Zeitpunkt, in dem wir die Lieferung der Ank\u00fcndigung gem\u00e4\u00df anbieten, noch keine Entscheidung getroffen, ob er nach wie vor auf Erf\u00fcllung bestehen m\u00f6chte oder aber nunmehr Schadensersatz statt der Leistung begehrt und \/ oder vom Vertrag zur\u00fccktritt, so ist er verpflichtet, die von uns ordnungsgem\u00e4\u00df angebotene Lieferung entgegenzunehmen. Vers\u00e4umt er dies, so ger\u00e4t er in Annahmeverzug.<\/li><li>Kommt der Kunde in Annahmeverzug oder verletzt er schuldhaft sonstige Mitwirkungspflichten, so sind wir berechtigt, den uns insoweit entstehenden Schaden, einschlie\u00dflich etwaiger Mehraufwendungen, ersetzt zu verlangen. Weitergehende Anspr\u00fcche bleiben vorbehalten.<\/li><\/ol><ul><li><strong> 7 Gew\u00e4hrleistung \/ Haftung<\/strong><\/li><\/ul><ol><li>F\u00fcr M\u00e4ngel, die durch unsachgem\u00e4\u00dfer Benutzung durch den Kunden oder Dritte, \u00fcbliche Abnutzung, fehlerhafte oder nachl\u00e4ssige Behandlung entstehen, stehen wir nicht ein.<\/li><li>Die Gew\u00e4hrleistungsrechte des Kunden richten sich nach den gesetzlichen Vorschriften.<\/li><li>F\u00fcr Personensch\u00e4den haften wir unbeschr\u00e4nkt.<\/li><li>Das Gleiche gilt f\u00fcr sonstige Sch\u00e4den, die dem Kunden infolge einer von uns vors\u00e4tzlich oder grob fahrl\u00e4ssig ver\u00fcbten Pflichtverletzung entstanden sind. F\u00fcr vertragstypische Sch\u00e4den, die dem Kunden infolge einer von uns ver\u00fcbten wesentlichen Vertragspflichtverletzung entstanden sind, haften wir auch dann, wenn uns lediglich leichte Fahrl\u00e4ssigkeit zur Last f\u00e4llt. Im \u00dcbrigen ist unsere Haftung f\u00fcr leichte Fahrl\u00e4ssigkeit ausgeschlossen. Eine wesentliche Vertragspflicht im vorgenannten Sinne ist eine solche, deren Erf\u00fcllung die ordnungsgem\u00e4\u00dfe Durchf\u00fchrung des Vertrags \u00fcberhaupt erst erm\u00f6glicht und auf deren Einhaltung der Kunde regelm\u00e4\u00dfig vertraut und vertrauen darf.<\/li><li>Soweit uns keine vors\u00e4tzliche Vertragsverletzung angelastet wird, wir eine wesentliche Vertragspflicht schuldhaft verletzt haben oder dem Kunden ein Anspruch auf Ersatz des Schadens statt der Leistung zusteht, ist die Schadensersatzhaftung auf den vorhersehbaren, typischen eintretenden Schaden begrenzt.<\/li><\/ol><ul><li><strong> 9 Datenschutz<\/strong><\/li><\/ul><p>Wir verpflichten uns, die gesetzlichen Bestimmungen zum Datenschutz zu beachten.<br \/>Wir ergreifen alle technisch notwendigen Ma\u00dfnahmen, um gespeicherte Daten zu sch\u00fctzen.<\/p><ul><li><strong> 10 Deutsches Recht<\/strong><\/li><\/ul><p>Es gilt das Recht der Bundesrepublik Deutschland; die Geltung des UN-Kaufrechts ist ausgeschlossen.<\/p><p style=\"text-align: left;\">Bei Unwirksamkeit einzelner Bestimmungen dieser AGB bleiben die \u00fcbrigen Bestimmungen wirksam.<br \/><br \/>Alle Markennamen sind eingetragene Warenzeichen der jeweiligen Eigent\u00fcmer!<br \/>Die dargestellten Farben k\u00f6nnen vom Original abweichen durch:<br \/>\u00a0 &#8211;\u00a0\u00a0\u00a0 Einstellungen am PC\u00a0<br \/>\u00a0 &#8211;\u00a0\u00a0\u00a0 Partiebedingte Farbabweichungen<\/p>\t\t\t\t\t\t\t\t<\/div>\n\t\t\t\t<\/div>\n\t\t\t\t\t<\/div>\n\t\t<\/div>\n\t\t\t\t\t<\/div>\n\t\t<\/section>\n\t\t\t\t<\/div>\n\t\t","protected":false},"excerpt":{"rendered":"<p>Hier finden Sie alles Wissendwerte \u00fcber uns ! AGB 1 Geltung der Allgemeinen Gesch\u00e4ftsbedingungen Der Vertrag wird ausschlie\u00dflich zu den nachstehenden Bedingungen geschlossen. Abweichende AGB des Kunden werden auch dann nicht Vertragsbestandteil, wenn wir diesen nicht ausdr\u00fccklich widersprechen. 2 Angebot und Vertragsschluss Der Kunde stellt ein Angebot an uns zum Abschluss eines Kaufvertrages dar. Wenn [&hellip;]<\/p>\n","protected":false},"author":1,"featured_media":0,"parent":0,"menu_order":0,"comment_status":"closed","ping_status":"closed","template":"","meta":{"footnotes":""},"class_list":["post-394","page","type-page","status-publish","hentry","entry"],"_links":{"self":[{"href":"https:\/\/wollbude.de\/index.php?rest_route=\/wp\/v2\/pages\/394","targetHints":{"allow":["GET"]}}],"collection":[{"href":"https:\/\/wollbude.de\/index.php?rest_route=\/wp\/v2\/pages"}],"about":[{"href":"https:\/\/wollbude.de\/index.php?rest_route=\/wp\/v2\/types\/page"}],"author":[{"embeddable":true,"href":"https:\/\/wollbude.de\/index.php?rest_route=\/wp\/v2\/users\/1"}],"replies":[{"embeddable":true,"href":"https:\/\/wollbude.de\/index.php?rest_route=%2Fwp%2Fv2%2Fcomments&post=394"}],"version-history":[{"count":10,"href":"https:\/\/wollbude.de\/index.php?rest_route=\/wp\/v2\/pages\/394\/revisions"}],"predecessor-version":[{"id":3294,"href":"https:\/\/wollbude.de\/index.php?rest_route=\/wp\/v2\/pages\/394\/revisions\/3294"}],"wp:attachment":[{"href":"https:\/\/wollbude.de\/index.php?rest_route=%2Fwp%2Fv2%2Fmedia&parent=394"}],"curies":[{"name":"wp","href":"https:\/\/api.w.org\/{rel}","templated":true}]}}